{"id":609,"date":"2023-11-07T13:18:53","date_gmt":"2023-11-07T13:18:53","guid":{"rendered":"https:\/\/www.photoclubspdc.fr\/web\/actualites-evenements-exposition\/"},"modified":"2024-02-24T16:14:12","modified_gmt":"2024-02-24T16:14:12","slug":"actualites-evenements-exposition","status":"publish","type":"page","link":"https:\/\/www.photoclubspdc.fr\/web\/actualites-evenements-exposition\/","title":{"rendered":"Actualit\u00e9s, \u00e9v\u00e8nements, exposition."},"content":{"rendered":"<div data-colibri-id=\"609-c1\" class=\"style-283 style-local-609-c1 position-relative\">\n  <!---->\n  <div data-colibri-component=\"section\" data-colibri-id=\"609-c20\" id=\"custom-5\" class=\"h-section h-section-global-spacing d-flex align-items-lg-center align-items-md-center align-items-center style-306 style-local-609-c20 position-relative\">\n    <!---->\n    <!---->\n    <div class=\"h-section-grid-container h-section-boxed-container\">\n      <!---->\n      <div data-colibri-id=\"609-c21\" class=\"h-row-container gutters-row-lg-2 gutters-row-md-2 gutters-row-0 gutters-row-v-lg-2 gutters-row-v-md-2 gutters-row-v-2 style-307 style-local-609-c21 position-relative\">\n        <!---->\n        <div class=\"h-row justify-content-lg-center justify-content-md-center justify-content-center align-items-lg-stretch align-items-md-stretch align-items-stretch gutters-col-lg-2 gutters-col-md-2 gutters-col-0 gutters-col-v-lg-2 gutters-col-v-md-2 gutters-col-v-2\">\n          <!---->\n          <div class=\"h-column h-column-container d-flex h-col-lg-auto h-col-md-auto h-col-auto style-308-outer style-local-609-c22-outer\">\n            <div data-colibri-id=\"609-c22\" class=\"d-flex h-flex-basis h-column__inner h-px-lg-2 h-px-md-2 h-px-2 v-inner-lg-2 v-inner-md-2 v-inner-2 style-308 style-local-609-c22 position-relative\">\n              <!---->\n              <!---->\n              <div class=\"w-100 h-y-container h-column__content h-column__v-align flex-basis-100 align-self-lg-start align-self-md-start align-self-start\">\n                <!---->\n                <div data-colibri-id=\"609-c23\" class=\"d-block style-309 style-local-609-c23 position-relative h-element\">\n                  <!---->\n                  <div class=\"h-image__frame-container-outer\">\n                    <div class=\"h-image__frame-container\">\n                      <!---->\n                      <!---->\n                      <img loading=\"lazy\" decoding=\"async\" width=\"1237\" height=\"1750\" src=\"https:\/\/www.photoclubspdc.fr\/web\/wp-content\/uploads\/2024\/02\/cropped-cropped-Affiche-2024.jpg\" class=\"wp-image-650 style-309-image style-local-609-c23-image\" alt=\"\" srcset=\"https:\/\/www.photoclubspdc.fr\/web\/wp-content\/uploads\/2024\/02\/cropped-cropped-Affiche-2024.jpg 1237w, https:\/\/www.photoclubspdc.fr\/web\/wp-content\/uploads\/2024\/02\/cropped-cropped-Affiche-2024-212x300.jpg 212w, https:\/\/www.photoclubspdc.fr\/web\/wp-content\/uploads\/2024\/02\/cropped-cropped-Affiche-2024-724x1024.jpg 724w, https:\/\/www.photoclubspdc.fr\/web\/wp-content\/uploads\/2024\/02\/cropped-cropped-Affiche-2024-768x1086.jpg 768w, https:\/\/www.photoclubspdc.fr\/web\/wp-content\/uploads\/2024\/02\/cropped-cropped-Affiche-2024-1086x1536.jpg 1086w\" sizes=\"auto, (max-width: 1237px) 100vw, 1237px\" \/>\n                      <div class=\"h-image__frame h-hide-lg h-hide-md h-hide-sm style-309-frameImage style-local-609-c23-frameImage\"><\/div>\n                    <\/div>\n                  <\/div>\n                <\/div>\n              <\/div>\n            <\/div>\n          <\/div>\n        <\/div>\n      <\/div>\n    <\/div>\n  <\/div>\n  <div data-colibri-component=\"section\" data-colibri-id=\"609-c2\" id=\"custom\" class=\"h-section h-section-global-spacing d-flex align-items-lg-center align-items-md-center align-items-center style-284 style-local-609-c2 position-relative\">\n    <!---->\n    <!---->\n    <div class=\"h-section-grid-container h-section-boxed-container\">\n      <!---->\n      <div data-colibri-id=\"609-c3\" class=\"h-row-container gutters-row-lg-2 gutters-row-md-2 gutters-row-0 gutters-row-v-lg-2 gutters-row-v-md-2 gutters-row-v-2 style-285 style-local-609-c3 position-relative\">\n        <!---->\n        <div class=\"h-row justify-content-lg-center justify-content-md-center justify-content-center align-items-lg-stretch align-items-md-stretch align-items-stretch gutters-col-lg-2 gutters-col-md-2 gutters-col-0 gutters-col-v-lg-2 gutters-col-v-md-2 gutters-col-v-2\">\n          <!---->\n          <div class=\"h-column h-column-container d-flex h-col-lg-auto h-col-md-auto h-col-auto style-286-outer style-local-609-c4-outer\">\n            <div data-colibri-id=\"609-c4\" class=\"d-flex h-flex-basis h-column__inner h-px-lg-2 h-px-md-2 h-px-2 v-inner-lg-2 v-inner-md-2 v-inner-2 style-286 style-local-609-c4 position-relative\">\n              <!---->\n              <!---->\n              <div class=\"w-100 h-y-container h-column__content h-column__v-align flex-basis-100 align-self-lg-start align-self-md-start align-self-start\">\n                <!---->\n                <div data-colibri-id=\"609-c5\" class=\"d-block style-287 style-local-609-c5 position-relative h-element\">\n                  <!---->\n                  <div class=\"h-image__frame-container-outer\">\n                    <div class=\"h-image__frame-container\">\n                      <!---->\n                      <!---->\n                      <img loading=\"lazy\" decoding=\"async\" width=\"1808\" height=\"2386\" src=\"https:\/\/www.photoclubspdc.fr\/web\/wp-content\/uploads\/2023\/03\/cropped-Affiche-expo-club-mai-2023-scaled-1.jpg\" class=\"wp-image-620 style-287-image style-local-609-c5-image\" alt=\"\" srcset=\"https:\/\/www.photoclubspdc.fr\/web\/wp-content\/uploads\/2023\/03\/cropped-Affiche-expo-club-mai-2023-scaled-1.jpg 1808w, https:\/\/www.photoclubspdc.fr\/web\/wp-content\/uploads\/2023\/03\/cropped-Affiche-expo-club-mai-2023-scaled-1-227x300.jpg 227w, https:\/\/www.photoclubspdc.fr\/web\/wp-content\/uploads\/2023\/03\/cropped-Affiche-expo-club-mai-2023-scaled-1-776x1024.jpg 776w, https:\/\/www.photoclubspdc.fr\/web\/wp-content\/uploads\/2023\/03\/cropped-Affiche-expo-club-mai-2023-scaled-1-768x1014.jpg 768w, https:\/\/www.photoclubspdc.fr\/web\/wp-content\/uploads\/2023\/03\/cropped-Affiche-expo-club-mai-2023-scaled-1-1164x1536.jpg 1164w, https:\/\/www.photoclubspdc.fr\/web\/wp-content\/uploads\/2023\/03\/cropped-Affiche-expo-club-mai-2023-scaled-1-1552x2048.jpg 1552w\" sizes=\"auto, (max-width: 1808px) 100vw, 1808px\" \/>\n                      <div class=\"h-image__frame h-hide-lg h-hide-md h-hide-sm style-287-frameImage style-local-609-c5-frameImage\"><\/div>\n                    <\/div>\n                  <\/div>\n                <\/div>\n              <\/div>\n            <\/div>\n          <\/div>\n        <\/div>\n      <\/div>\n    <\/div>\n  <\/div>\n  <div data-colibri-component=\"section\" data-colibri-id=\"609-c6\" id=\"custom-2\" class=\"h-section h-section-global-spacing d-flex align-items-lg-center align-items-md-center align-items-center style-288 style-local-609-c6 position-relative\">\n    <!---->\n    <!---->\n    <div class=\"h-section-grid-container h-section-boxed-container\">\n      <!---->\n      <div data-colibri-id=\"609-c7\" class=\"h-row-container gutters-row-lg-2 gutters-row-md-2 gutters-row-0 gutters-row-v-lg-2 gutters-row-v-md-2 gutters-row-v-2 style-289 style-local-609-c7 position-relative\">\n        <!---->\n        <div class=\"h-row justify-content-lg-center justify-content-md-center justify-content-center align-items-lg-stretch align-items-md-stretch align-items-stretch gutters-col-lg-2 gutters-col-md-2 gutters-col-0 gutters-col-v-lg-2 gutters-col-v-md-2 gutters-col-v-2\">\n          <!---->\n          <div class=\"h-column h-column-container d-flex h-col-lg-auto h-col-md-auto h-col-auto style-290-outer style-local-609-c8-outer\">\n            <div data-colibri-id=\"609-c8\" class=\"d-flex h-flex-basis h-column__inner h-px-lg-2 h-px-md-2 h-px-2 v-inner-lg-2 v-inner-md-2 v-inner-2 style-290 style-local-609-c8 position-relative\">\n              <!---->\n              <!---->\n              <div class=\"w-100 h-y-container h-column__content h-column__v-align flex-basis-100 align-self-lg-start align-self-md-start align-self-start\">\n                <!---->\n                <div data-colibri-id=\"609-c9\" class=\"d-block style-291 style-local-609-c9 position-relative h-element\">\n                  <!---->\n                  <div class=\"h-image__frame-container-outer\">\n                    <div class=\"h-image__frame-container\">\n                      <!---->\n                      <!---->\n                      <img loading=\"lazy\" decoding=\"async\" width=\"621\" height=\"405\" src=\"https:\/\/www.photoclubspdc.fr\/web\/wp-content\/uploads\/2023\/11\/cropped-progres.jpg\" class=\"wp-image-621 style-291-image style-local-609-c9-image\" alt=\"\" srcset=\"https:\/\/www.photoclubspdc.fr\/web\/wp-content\/uploads\/2023\/11\/cropped-progres.jpg 621w, https:\/\/www.photoclubspdc.fr\/web\/wp-content\/uploads\/2023\/11\/cropped-progres-300x196.jpg 300w\" sizes=\"auto, (max-width: 621px) 100vw, 621px\" \/>\n                      <div class=\"h-image__frame h-hide-lg h-hide-md h-hide-sm style-291-frameImage style-local-609-c9-frameImage\"><\/div>\n                    <\/div>\n                  <\/div>\n                <\/div>\n              <\/div>\n            <\/div>\n          <\/div>\n        <\/div>\n      <\/div>\n    <\/div>\n  <\/div>\n  <div data-colibri-component=\"section\" data-colibri-id=\"609-c10\" id=\"custom-3\" class=\"h-section h-section-global-spacing d-flex align-items-lg-center align-items-md-center align-items-center style-292 style-local-609-c10 position-relative\">\n    <!---->\n    <!---->\n    <div class=\"h-section-grid-container h-section-boxed-container\">\n      <!---->\n      <div data-colibri-id=\"609-c11\" class=\"h-row-container gutters-row-lg-2 gutters-row-md-2 gutters-row-0 gutters-row-v-lg-2 gutters-row-v-md-2 gutters-row-v-2 style-293 style-local-609-c11 position-relative\">\n        <!---->\n        <div class=\"h-row justify-content-lg-center justify-content-md-center justify-content-center align-items-lg-stretch align-items-md-stretch align-items-stretch gutters-col-lg-2 gutters-col-md-2 gutters-col-0 gutters-col-v-lg-2 gutters-col-v-md-2 gutters-col-v-2\">\n          <!---->\n          <div class=\"h-column h-column-container d-flex h-col-lg-auto h-col-md-auto h-col-auto style-294-outer style-local-609-c12-outer\">\n            <div data-colibri-id=\"609-c12\" class=\"d-flex h-flex-basis h-column__inner h-px-lg-2 h-px-md-2 h-px-2 v-inner-lg-2 v-inner-md-2 v-inner-2 style-294 style-local-609-c12 position-relative\">\n              <!---->\n              <!---->\n              <div class=\"w-100 h-y-container h-column__content h-column__v-align flex-basis-100 align-self-lg-start align-self-md-start align-self-start\">\n                <!---->\n                <div data-colibri-id=\"609-c13\" class=\"d-block style-295 style-local-609-c13 position-relative h-element\">\n                  <!---->\n                  <div class=\"h-image__frame-container-outer\">\n                    <div class=\"h-image__frame-container\">\n                      <!---->\n                      <!---->\n                      <img loading=\"lazy\" decoding=\"async\" width=\"247\" height=\"165\" src=\"https:\/\/www.photoclubspdc.fr\/web\/wp-content\/uploads\/2023\/11\/cropped-393651993_815657563672208_35782902284546286_n.jpg\" class=\"wp-image-622 style-295-image style-local-609-c13-image\" alt=\"\" \/>\n                      <div class=\"h-image__frame h-hide-lg h-hide-md h-hide-sm style-295-frameImage style-local-609-c13-frameImage\"><\/div>\n                    <\/div>\n                    <div class=\"style-295-caption style-local-609-c13-caption\">\n                      Sortie dans les traboules octobre 2023\n                    <\/div>\n                  <\/div>\n                <\/div>\n              <\/div>\n            <\/div>\n          <\/div>\n        <\/div>\n      <\/div>\n    <\/div>\n  <\/div>\n  <div data-colibri-component=\"section\" data-colibri-id=\"609-c14\" id=\"custom-4\" class=\"h-section h-section-global-spacing d-flex align-items-lg-center align-items-md-center align-items-center style-296 style-local-609-c14 position-relative\">\n    <!---->\n    <!---->\n    <div class=\"h-section-grid-container h-section-boxed-container\">\n      <!---->\n      <div data-colibri-id=\"609-c15\" class=\"h-row-container gutters-row-lg-2 gutters-row-md-2 gutters-row-0 gutters-row-v-lg-2 gutters-row-v-md-2 gutters-row-v-2 style-297 style-local-609-c15 position-relative\">\n        <!---->\n        <div class=\"h-row justify-content-lg-center justify-content-md-center justify-content-center align-items-lg-stretch align-items-md-stretch align-items-stretch gutters-col-lg-2 gutters-col-md-2 gutters-col-0 gutters-col-v-lg-2 gutters-col-v-md-2 gutters-col-v-2\">\n          <!---->\n          <div class=\"h-column h-column-container d-flex h-col-lg-auto h-col-md-auto h-col-auto style-298-outer style-local-609-c16-outer\">\n            <div data-colibri-id=\"609-c16\" class=\"d-flex h-flex-basis h-column__inner h-ui-empty-state-container h-px-lg-2 h-px-md-2 h-px-2 v-inner-lg-2 v-inner-md-2 v-inner-2 style-298 style-local-609-c16 position-relative\">\n              <!---->\n              <!---->\n              <div class=\"w-100 h-y-container h-column__content h-column__v-align flex-basis-100\">\n                <!---->\n              <\/div>\n            <\/div>\n          <\/div>\n        <\/div>\n      <\/div>\n      <div data-colibri-id=\"609-c17\" class=\"h-row-container gutters-row-lg-2 gutters-row-md-2 gutters-row-0 gutters-row-v-lg-2 gutters-row-v-md-2 gutters-row-v-2 style-299 style-local-609-c17 position-relative\">\n        <!---->\n        <div class=\"h-row justify-content-lg-center justify-content-md-center justify-content-center align-items-lg-stretch align-items-md-stretch align-items-stretch gutters-col-lg-2 gutters-col-md-2 gutters-col-0 gutters-col-v-lg-2 gutters-col-v-md-2 gutters-col-v-2\">\n          <!---->\n          <div class=\"h-column h-column-container d-flex h-col-lg-auto h-col-md-auto h-col-auto style-300-outer style-local-609-c18-outer\">\n            <div data-colibri-id=\"609-c18\" class=\"d-flex h-flex-basis h-column__inner h-px-lg-2 h-px-md-2 h-px-2 v-inner-lg-2 v-inner-md-2 v-inner-2 style-300 style-local-609-c18 position-relative\">\n              <!---->\n              <!---->\n              <div class=\"w-100 h-y-container h-column__content h-column__v-align flex-basis-100 align-self-lg-start align-self-md-start align-self-start\">\n                <!---->\n                <div data-colibri-id=\"609-c19\" class=\"d-block style-301 style-local-609-c19 position-relative h-element\">\n                  <!---->\n                  <div class=\"h-image__frame-container-outer\">\n                    <div class=\"h-image__frame-container\">\n                      <!---->\n                      <!---->\n                      <img loading=\"lazy\" decoding=\"async\" width=\"1801\" height=\"1350\" src=\"https:\/\/www.photoclubspdc.fr\/web\/wp-content\/uploads\/2023\/11\/20231106_202505.jpg\" class=\"wp-image-617 style-301-image style-local-609-c19-image\" alt=\"\" srcset=\"https:\/\/www.photoclubspdc.fr\/web\/wp-content\/uploads\/2023\/11\/20231106_202505.jpg 1801w, https:\/\/www.photoclubspdc.fr\/web\/wp-content\/uploads\/2023\/11\/20231106_202505-300x225.jpg 300w, https:\/\/www.photoclubspdc.fr\/web\/wp-content\/uploads\/2023\/11\/20231106_202505-1024x768.jpg 1024w, https:\/\/www.photoclubspdc.fr\/web\/wp-content\/uploads\/2023\/11\/20231106_202505-768x576.jpg 768w, https:\/\/www.photoclubspdc.fr\/web\/wp-content\/uploads\/2023\/11\/20231106_202505-1536x1151.jpg 1536w\" sizes=\"auto, (max-width: 1801px) 100vw, 1801px\" \/>\n                      <div class=\"h-image__frame h-hide-lg h-hide-md h-hide-sm style-301-frameImage style-local-609-c19-frameImage\"><\/div>\n                    <\/div>\n                    <div class=\"style-301-caption style-local-609-c19-caption\">\n                      Expos\u00e9 \u00ab\u00a0Photos de rue\u00a0\u00bb par Bernard Moncet.\n                    <\/div>\n                  <\/div>\n                <\/div>\n              <\/div>\n            <\/div>\n          <\/div>\n        <\/div>\n      <\/div>\n    <\/div>\n  <\/div>\n<\/div>","protected":false},"excerpt":{"rendered":"<p>Sortie dans les traboules octobre 2023 Expos\u00e9 \u00ab\u00a0Photos de rue\u00a0\u00bb par Bernard Moncet.<\/p>\n","protected":false},"author":1,"featured_media":0,"parent":0,"menu_order":0,"comment_status":"closed","ping_status":"closed","template":"page-templates\/full-width-page.php","meta":{"footnotes":""},"class_list":["post-609","page","type-page","status-publish","hentry"],"_links":{"self":[{"href":"https:\/\/www.photoclubspdc.fr\/web\/wp-json\/wp\/v2\/pages\/609","targetHints":{"allow":["GET"]}}],"collection":[{"href":"https:\/\/www.photoclubspdc.fr\/web\/wp-json\/wp\/v2\/pages"}],"about":[{"href":"https:\/\/www.photoclubspdc.fr\/web\/wp-json\/wp\/v2\/types\/page"}],"author":[{"embeddable":true,"href":"https:\/\/www.photoclubspdc.fr\/web\/wp-json\/wp\/v2\/users\/1"}],"replies":[{"embeddable":true,"href":"https:\/\/www.photoclubspdc.fr\/web\/wp-json\/wp\/v2\/comments?post=609"}],"version-history":[{"count":2,"href":"https:\/\/www.photoclubspdc.fr\/web\/wp-json\/wp\/v2\/pages\/609\/revisions"}],"predecessor-version":[{"id":652,"href":"https:\/\/www.photoclubspdc.fr\/web\/wp-json\/wp\/v2\/pages\/609\/revisions\/652"}],"wp:attachment":[{"href":"https:\/\/www.photoclubspdc.fr\/web\/wp-json\/wp\/v2\/media?parent=609"}],"curies":[{"name":"wp","href":"https:\/\/api.w.org\/{rel}","templated":true}]}}