{"id":53,"date":"2022-10-15T20:40:47","date_gmt":"2022-10-15T20:40:47","guid":{"rendered":"https:\/\/www.photoclubspdc.fr\/web\/colibri-wp\/"},"modified":"2026-03-18T17:37:53","modified_gmt":"2026-03-18T17:37:53","slug":"colibri-wp","status":"publish","type":"page","link":"https:\/\/www.photoclubspdc.fr\/web\/","title":{"rendered":"Front Page"},"content":{"rendered":"<div data-colibri-id=\"53-c1\" class=\"style-193 style-local-53-c1 position-relative\">\n  <!---->\n  <div data-colibri-component=\"section\" data-colibri-id=\"53-c2\" id=\"overlappable\" class=\"h-section h-section-global-spacing d-flex align-items-lg-center align-items-md-center align-items-center style-194 style-local-53-c2 position-relative\">\n    <!---->\n    <!---->\n    <div class=\"h-section-grid-container h-section-fluid-container\">\n      <!---->\n      <div data-colibri-id=\"53-c3\" class=\"h-row-container gutters-row-lg-2 gutters-row-md-0 gutters-row-2 gutters-row-v-lg-2 gutters-row-v-md-0 gutters-row-v-2 style-195 style-local-53-c3 position-relative\">\n        <!---->\n        <div class=\"h-row justify-content-lg-center justify-content-md-center justify-content-center align-items-lg-stretch align-items-md-stretch align-items-stretch gutters-col-lg-2 gutters-col-md-0 gutters-col-2 gutters-col-v-lg-2 gutters-col-v-md-0 gutters-col-v-2\">\n          <!---->\n          <div class=\"h-column h-column-container d-flex h-col-lg-3 h-col-md-3 h-col-12 style-196-outer style-local-53-c4-outer\">\n            <div data-colibri-id=\"53-c4\" class=\"d-flex h-flex-basis h-column__inner h-px-lg-2 h-px-md-3 h-px-2 v-inner-lg-0 v-inner-md-3 v-inner-2 style-196 style-local-53-c4 position-relative\">\n              <!---->\n              <!---->\n              <div class=\"w-100 h-y-container h-column__content h-column__v-align flex-basis-100 align-self-lg-start align-self-md-start align-self-start\">\n                <!---->\n                <div data-colibri-id=\"53-c5\" class=\"h-icon style-197 style-local-53-c5 position-relative h-element\">\n                  <!---->\n                  <a href=\"https:\/\/www.photoclubspdc.fr\/web\/galeries-sites-et-photos-des-adherents\" rel=\"nofollow\" h-use-smooth-scroll=\"true\"><span class=\"h-svg-icon h-icon__icon style-197-icon style-local-53-c5-icon\"><!--Icon by Font Awesome (https:\/\/fontawesome.com)-->\n    <svg version=\"1.1\" xmlns=\"http:\/\/www.w3.org\/2000\/svg\" xmlns:xlink=\"http:\/\/www.w3.org\/1999\/xlink\" id=\"photo\" viewBox=\"0 0 1920 1896.0833\">\n      <path d=\"M640 576q0 80-56 136t-136 56-136-56-56-136 56-136 136-56 136 56 56 136zm1024 384v448H256v-192l320-320 160 160 512-512zm96-704H160q-13 0-22.5 9.5T128 288v1216q0 13 9.5 22.5t22.5 9.5h1600q13 0 22.5-9.5t9.5-22.5V288q0-13-9.5-22.5T1760 256zm160 32v1216q0 66-47 113t-113 47H160q-66 0-113-47T0 1504V288q0-66 47-113t113-47h1600q66 0 113 47t47 113z\"><\/path>\n    <\/svg><\/span><\/a>\n                <\/div>\n                <div data-colibri-id=\"53-c6\" class=\"h-global-transition-all h-heading style-198 style-local-53-c6 position-relative h-element\">\n                  <!---->\n                  <div class=\"h-heading__outer style-198 style-local-53-c6\">\n                    <!---->\n                    <!---->\n                    <a href=\"https:\/\/www.photoclubspdc.fr\/web\/galeries-sites-et-photos-des-adherents\" h-use-smooth-scroll=\"true\">\n                      <h5 class=\"\">Galeries, sites des adh\u00e9rents<\/h5>\n                    <\/a>\n                  <\/div>\n                <\/div>\n                <div data-colibri-id=\"53-c7\" class=\"h-text h-text-component style-199 style-local-53-c7 position-relative h-element\">\n                  <!---->\n                  <!---->\n                  <div class=\"\">\n                    <p>Mieux connaitre les adh\u00e9rents du club: consultez leurs galeries, sites et r\u00e9seaux sociaux.<\/p>\n                    <p>\n                      <br>\n                    <\/p>\n                  <\/div>\n                <\/div>\n              <\/div>\n            <\/div>\n          <\/div>\n          <div class=\"h-column h-column-container d-flex h-col-lg-3 h-col-md-3 h-col-12 style-196-outer style-local-53-c8-outer\">\n            <div data-colibri-id=\"53-c8\" class=\"d-flex h-flex-basis h-column__inner h-px-lg-2 h-px-md-3 h-px-2 v-inner-lg-0 v-inner-md-3 v-inner-2 style-196 style-local-53-c8 position-relative\">\n              <!---->\n              <!---->\n              <div class=\"w-100 h-y-container h-column__content h-column__v-align flex-basis-100 align-self-lg-start align-self-md-start align-self-start\">\n                <!---->\n                <div data-colibri-id=\"53-c9\" class=\"h-icon style-197 style-local-53-c9 position-relative h-element\">\n                  <!---->\n                  <a href=\"https:\/\/www.photoclubspdc.fr\/web\/contact\" h-use-smooth-scroll=\"true\"><span class=\"h-svg-icon h-icon__icon style-197-icon style-local-53-c9-icon\"><!--Icon by Font Awesome (https:\/\/fontawesome.com)-->\n    <svg version=\"1.1\" xmlns=\"http:\/\/www.w3.org\/2000\/svg\" xmlns:xlink=\"http:\/\/www.w3.org\/1999\/xlink\" id=\"envelope-o\" viewBox=\"0 0 1792 1896.0833\">\n      <path d=\"M1664 1504V736q-32 36-69 66-268 206-426 338-51 43-83 67t-86.5 48.5T897 1280h-2q-48 0-102.5-24.5T706 1207t-83-67q-158-132-426-338-37-30-69-66v768q0 13 9.5 22.5t22.5 9.5h1472q13 0 22.5-9.5t9.5-22.5zm0-1051v-24.5l-.5-13-3-12.5-5.5-9-9-7.5-14-2.5H160q-13 0-22.5 9.5T128 416q0 168 147 284 193 152 401 317 6 5 35 29.5t46 37.5 44.5 31.5T852 1143t43 9h2q20 0 43-9t50.5-27.5 44.5-31.5 46-37.5 35-29.5q208-165 401-317 54-43 100.5-115.5T1664 453zm128-37v1088q0 66-47 113t-113 47H160q-66 0-113-47T0 1504V416q0-66 47-113t113-47h1472q66 0 113 47t47 113z\"><\/path>\n    <\/svg><\/span><\/a>\n                <\/div>\n                <div data-colibri-id=\"53-c10\" class=\"h-global-transition-all h-heading style-198 style-local-53-c10 position-relative h-element\">\n                  <!---->\n                  <div class=\"h-heading__outer style-198 style-local-53-c10\">\n                    <!---->\n                    <!---->\n                    <a href=\"mailto:photoclubspdc@gmail.com\" rel=\"nofollow\" h-use-smooth-scroll=\"true\">\n                      <h5 class=\"\">Contact<\/h5>\n                    <\/a>\n                  <\/div>\n                <\/div>\n                <div data-colibri-id=\"53-c11\" class=\"h-text h-text-component style-199 style-local-53-c11 position-relative h-element\">\n                  <!---->\n                  <!---->\n                  <div class=\"\"><\/div>\n                <\/div>\n              <\/div>\n            <\/div>\n          <\/div>\n          <div class=\"h-column h-column-container d-flex h-col-lg-3 h-col-md-3 h-col-12 style-196-outer style-local-53-c12-outer\">\n            <div data-colibri-id=\"53-c12\" class=\"d-flex h-flex-basis h-column__inner h-px-lg-2 h-px-md-3 h-px-2 v-inner-lg-0 v-inner-md-3 v-inner-2 style-196 style-local-53-c12 position-relative\">\n              <!---->\n              <!---->\n              <div class=\"w-100 h-y-container h-column__content h-column__v-align flex-basis-100 align-self-lg-start align-self-md-start align-self-start\">\n                <!---->\n                <div data-colibri-id=\"53-c13\" class=\"h-icon style-197 style-local-53-c13 position-relative h-element\">\n                  <!---->\n                  <a href=\"https:\/\/www.photoclubspdc.fr\/leforum\/\" h-use-smooth-scroll=\"true\"><span class=\"h-svg-icon h-icon__icon style-197-icon style-local-53-c13-icon\"><!--Icon by Font Awesome (https:\/\/fontawesome.com)-->\n    <svg version=\"1.1\" xmlns=\"http:\/\/www.w3.org\/2000\/svg\" xmlns:xlink=\"http:\/\/www.w3.org\/1999\/xlink\" id=\"book\" viewBox=\"0 0 1664 1896.0833\">\n      <path d=\"M1639 478q40 57 18 129l-275 906q-19 64-76.5 107.5T1183 1664H260q-77 0-148.5-53.5T12 1479q-24-67-2-127 0-4 3-27t4-37q1-8-3-21.5t-3-19.5q2-11 8-21t16.5-23.5T52 1179q23-38 45-91.5t30-91.5q3-10 .5-30t-.5-28q3-11 17-28t17-23q21-36 42-92t25-90q1-9-2.5-32t.5-28q4-13 22-30.5t22-22.5q19-26 42.5-84.5T340 411q1-8-3-25.5t-2-26.5q2-8 9-18t18-23 17-21q8-12 16.5-30.5t15-35 16-36 19.5-32 26.5-23.5 36-11.5T556 134l-1 3q38-9 51-9h761q74 0 114 56t18 130l-274 906q-36 119-71.5 153.5T1025 1408H156q-27 0-38 15-11 16-1 43 24 70 144 70h923q29 0 56-15.5t35-41.5l300-987q7-22 5-57 38 15 59 43zm-1064 2q-4 13 2 22.5t20 9.5h608q13 0 25.5-9.5T1247 480l21-64q4-13-2-22.5t-20-9.5H638q-13 0-25.5 9.5T596 416zm-83 256q-4 13 2 22.5t20 9.5h608q13 0 25.5-9.5T1164 736l21-64q4-13-2-22.5t-20-9.5H555q-13 0-25.5 9.5T513 672z\"><\/path>\n    <\/svg><\/span><\/a>\n                <\/div>\n                <div data-colibri-id=\"53-c14\" class=\"h-global-transition-all h-heading style-198 style-local-53-c14 position-relative h-element\">\n                  <!---->\n                  <div class=\"h-heading__outer style-198 style-local-53-c14\">\n                    <!---->\n                    <!---->\n                    <a href=\"https:\/\/www.photoclubspdc.fr\/leforum\/\" h-use-smooth-scroll=\"true\">\n                      <h5 class=\"\">Forum&nbsp;r\u00e9serv\u00e9 aux adh\u00e9rents<\/h5>\n                    <\/a>\n                  <\/div>\n                <\/div>\n                <div data-colibri-id=\"53-c15\" class=\"h-text h-text-component style-199 style-local-53-c15 position-relative h-element\">\n                  <!---->\n                  <!---->\n                  <div class=\"\">\n                    <p>Accessible avec mot de passe.<\/p>\n                  <\/div>\n                <\/div>\n              <\/div>\n            <\/div>\n          <\/div>\n          <div class=\"h-column h-column-container d-flex h-col-lg-3 h-col-md-3 h-col-12 style-196-outer style-local-53-c16-outer\">\n            <div data-colibri-id=\"53-c16\" class=\"d-flex h-flex-basis h-column__inner h-px-lg-2 h-px-md-3 h-px-2 v-inner-lg-0 v-inner-md-3 v-inner-2 style-196 style-local-53-c16 position-relative\">\n              <!---->\n              <!---->\n              <div class=\"w-100 h-y-container h-column__content h-column__v-align flex-basis-100 align-self-lg-start align-self-md-start align-self-start\">\n                <!---->\n                <div data-colibri-id=\"53-c17\" class=\"h-icon style-197 style-local-53-c17 position-relative h-element\">\n                  <!---->\n                  <a href=\"https:\/\/www.photoclubspdc.fr\/web\/activites-du-club\/\" rel=\"nofollow\" h-use-smooth-scroll=\"true\"><span class=\"h-svg-icon h-icon__icon style-197-icon style-local-53-c17-icon\"><!--Icon by Font Awesome (https:\/\/fontawesome.com)-->\n    <svg version=\"1.1\" xmlns=\"http:\/\/www.w3.org\/2000\/svg\" xmlns:xlink=\"http:\/\/www.w3.org\/1999\/xlink\" id=\"camera-retro\" viewBox=\"0 0 1792 1896.0833\">\n      <path d=\"M928 832q0-14-9-23t-23-9q-66 0-113 47t-47 113q0 14 9 23t23 9 23-9 9-23q0-40 28-68t68-28q14 0 23-9t9-23zm224 130q0 106-75 181t-181 75-181-75-75-181 75-181 181-75 181 75 75 181zM128 1536h1536v-128H128v128zm1152-574q0-159-112.5-271.5T896 578 624.5 690.5 512 962t112.5 271.5T896 1346t271.5-112.5T1280 962zM256 320h384V192H256v128zM128 512h1536V256H836l-64 128H128v128zm1664-256v1280q0 53-37.5 90.5T1664 1664H128q-53 0-90.5-37.5T0 1536V256q0-53 37.5-90.5T128 128h1536q53 0 90.5 37.5T1792 256z\"><\/path>\n    <\/svg><\/span><\/a>\n                <\/div>\n                <div data-colibri-id=\"53-c18\" class=\"h-global-transition-all h-heading style-198 style-local-53-c18 position-relative h-element\">\n                  <!---->\n                  <div class=\"h-heading__outer style-198 style-local-53-c18\">\n                    <!---->\n                    <!---->\n                    <a href=\"https:\/\/www.photoclubspdc.fr\/web\/activites-du-club\/\" h-use-smooth-scroll=\"true\">\n                      <h5 class=\"\">activit\u00e9s du club<\/h5>\n                    <\/a>\n                  <\/div>\n                <\/div>\n                <div data-colibri-id=\"53-c19\" class=\"h-text h-text-component style-199 style-local-53-c19 position-relative h-element\">\n                  <!---->\n                  <!---->\n                  <div class=\"\">\n                    <p>Que faisons nous au club ?<\/p>\n                    <p>Cours, exposition, sortie&#8230;<\/p>\n                  <\/div>\n                <\/div>\n              <\/div>\n            <\/div>\n          <\/div>\n          <div class=\"h-column h-column-container d-flex h-col-lg-3 h-col-md-3 h-col-12 style-196-outer style-local-53-c20-outer\">\n            <div data-colibri-id=\"53-c20\" class=\"d-flex h-flex-basis h-column__inner h-px-lg-2 h-px-md-3 h-px-2 v-inner-lg-0 v-inner-md-3 v-inner-2 style-196 style-local-53-c20 position-relative\">\n              <!---->\n              <!---->\n              <div class=\"w-100 h-y-container h-column__content h-column__v-align flex-basis-100 align-self-lg-start align-self-md-start align-self-start\">\n                <!---->\n                <div data-colibri-id=\"53-c21\" class=\"h-icon style-197 style-local-53-c21 position-relative h-element\">\n                  <!---->\n                  <a href=\"https:\/\/www.photoclubspdc.fr\/web\/actualites-evenements-exposition\/\" rel=\"nofollow\" h-use-smooth-scroll=\"true\"><span class=\"h-svg-icon h-icon__icon style-197-icon style-local-53-c21-icon\"><!--Icon by Font Awesome (https:\/\/fontawesome.com)-->\n    <svg version=\"1.1\" xmlns=\"http:\/\/www.w3.org\/2000\/svg\" xmlns:xlink=\"http:\/\/www.w3.org\/1999\/xlink\" id=\"photo\" viewBox=\"0 0 1920 1896.0833\">\n      <path d=\"M640 576q0 80-56 136t-136 56-136-56-56-136 56-136 136-56 136 56 56 136zm1024 384v448H256v-192l320-320 160 160 512-512zm96-704H160q-13 0-22.5 9.5T128 288v1216q0 13 9.5 22.5t22.5 9.5h1600q13 0 22.5-9.5t9.5-22.5V288q0-13-9.5-22.5T1760 256zm160 32v1216q0 66-47 113t-113 47H160q-66 0-113-47T0 1504V288q0-66 47-113t113-47h1600q66 0 113 47t47 113z\"><\/path>\n    <\/svg><\/span><\/a>\n                <\/div>\n                <div data-colibri-id=\"53-c22\" class=\"h-global-transition-all h-heading style-198 style-local-53-c22 position-relative h-element\">\n                  <!---->\n                  <div class=\"h-heading__outer style-198 style-local-53-c22\">\n                    <!---->\n                    <!---->\n                    <a href=\"https:\/\/www.photoclubspdc.fr\/web\/galeries-sites-et-photos-des-adherents\" h-use-smooth-scroll=\"true\">\n                      <h5 class=\"\">Actualit\u00e9s, \u00e9v\u00e8nements<\/h5>\n                    <\/a>\n                  <\/div>\n                <\/div>\n                <div data-colibri-id=\"53-c23\" class=\"h-text h-text-component style-199 style-local-53-c23 position-relative h-element\">\n                  <!---->\n                  <!---->\n                  <div class=\"\">\n                    <p>Expositions du club, \u00e9v\u00e8nements, rencontres &#8230;.<\/p>\n                    <p>\n                      <br>\n                    <\/p>\n                  <\/div>\n                <\/div>\n              <\/div>\n            <\/div>\n          <\/div>\n        <\/div>\n      <\/div>\n      <div data-colibri-id=\"53-c24\" class=\"h-row-container gutters-row-lg-2 gutters-row-md-2 gutters-row-0 gutters-row-v-lg-2 gutters-row-v-md-2 gutters-row-v-2 style-271 style-local-53-c24 position-relative\">\n        <!---->\n        <div class=\"h-row justify-content-lg-center justify-content-md-center justify-content-center align-items-lg-stretch align-items-md-stretch align-items-stretch gutters-col-lg-2 gutters-col-md-2 gutters-col-0 gutters-col-v-lg-2 gutters-col-v-md-2 gutters-col-v-2\">\n          <!---->\n          <div class=\"h-column h-column-container d-flex h-col-lg-auto h-col-md-auto h-col-auto style-272-outer style-local-53-c25-outer\">\n            <div data-colibri-id=\"53-c25\" class=\"d-flex h-flex-basis h-column__inner h-px-lg-2 h-px-md-2 h-px-2 v-inner-lg-2 v-inner-md-2 v-inner-2 style-272 style-local-53-c25 position-relative\">\n              <!---->\n              <!---->\n              <div class=\"w-100 h-y-container h-column__content h-column__v-align flex-basis-100 align-self-lg-start align-self-md-start align-self-start\">\n                <!---->\n                <div data-colibri-id=\"53-c26\" class=\"h-x-container style-273 style-local-53-c26 position-relative h-element\">\n                  <!---->\n                  <div class=\"h-x-container-inner style-dynamic-53-c26-group style-273-spacing style-local-53-c26-spacing\"><span class=\"h-link__outer style-274-outer style-local-53-c27-outer d-inline-flex h-element\"><a h-use-smooth-scroll=\"true\" href=\"https:\/\/www.facebook.com\/groups\/1572888976296029\"  data-colibri-id=\"53-c27\" class=\"d-flex w-100 align-items-center h-link style-274 style-local-53-c27 position-relative\"><!----><!----> <span>Lien vers la Galerie Photo  Repartage du Club (public)  : Cliquez pour regarder les photos du Carnaval.<\/span><\/a>\n                    <\/span>\n                  <\/div>\n                <\/div>\n              <\/div>\n            <\/div>\n          <\/div>\n        <\/div>\n      <\/div>\n    <\/div>\n  <\/div>\n  <div data-colibri-component=\"section\" data-colibri-id=\"53-c28\" id=\"custom\" class=\"h-section h-section-global-spacing d-flex align-items-lg-center align-items-md-center align-items-center style-317 style-local-53-c28 position-relative\">\n    <!---->\n    <!---->\n    <div class=\"h-section-grid-container h-section-boxed-container\">\n      <!---->\n      <div data-colibri-id=\"53-c29\" class=\"h-row-container gutters-row-lg-2 gutters-row-md-2 gutters-row-0 gutters-row-v-lg-2 gutters-row-v-md-2 gutters-row-v-2 style-324 style-local-53-c29 position-relative\">\n        <!---->\n        <div class=\"h-row justify-content-lg-center justify-content-md-center justify-content-center align-items-lg-stretch align-items-md-stretch align-items-stretch gutters-col-lg-2 gutters-col-md-2 gutters-col-0 gutters-col-v-lg-2 gutters-col-v-md-2 gutters-col-v-2\">\n          <!---->\n          <div class=\"h-column h-column-container d-flex h-col-lg-auto h-col-md-auto h-col-auto style-325-outer style-local-53-c30-outer\">\n            <div data-colibri-id=\"53-c30\" class=\"d-flex h-flex-basis h-column__inner h-px-lg-2 h-px-md-2 h-px-2 v-inner-lg-2 v-inner-md-2 v-inner-2 style-325 style-local-53-c30 position-relative\">\n              <!---->\n              <!---->\n              <div class=\"w-100 h-y-container h-column__content h-column__v-align flex-basis-100 align-self-lg-start align-self-md-start align-self-start\">\n                <!---->\n                <div data-colibri-id=\"53-c38\" class=\"d-block style-328 style-local-53-c38 position-relative h-element\">\n                  <!---->\n                  <div class=\"h-image__frame-container-outer\">\n                    <div class=\"h-image__frame-container\">\n                      <!---->\n                      <!---->\n                      <img loading=\"lazy\" decoding=\"async\" width=\"1447\" height=\"2046\" src=\"https:\/\/www.photoclubspdc.fr\/web\/wp-content\/uploads\/2026\/03\/cropped-affiche-Expo-2026_2_JP.jpg\" class=\"wp-image-716 style-328-image style-local-53-c38-image\" alt=\"\" srcset=\"https:\/\/www.photoclubspdc.fr\/web\/wp-content\/uploads\/2026\/03\/cropped-affiche-Expo-2026_2_JP.jpg 1447w, https:\/\/www.photoclubspdc.fr\/web\/wp-content\/uploads\/2026\/03\/cropped-affiche-Expo-2026_2_JP-212x300.jpg 212w, https:\/\/www.photoclubspdc.fr\/web\/wp-content\/uploads\/2026\/03\/cropped-affiche-Expo-2026_2_JP-724x1024.jpg 724w, https:\/\/www.photoclubspdc.fr\/web\/wp-content\/uploads\/2026\/03\/cropped-affiche-Expo-2026_2_JP-768x1086.jpg 768w, https:\/\/www.photoclubspdc.fr\/web\/wp-content\/uploads\/2026\/03\/cropped-affiche-Expo-2026_2_JP-1086x1536.jpg 1086w\" sizes=\"auto, (max-width: 1447px) 100vw, 1447px\" \/>\n                      <div class=\"h-image__frame h-hide-lg h-hide-md h-hide-sm style-328-frameImage style-local-53-c38-frameImage\"><\/div>\n                    <\/div>\n                  <\/div>\n                <\/div>\n              <\/div>\n            <\/div>\n          <\/div>\n        <\/div>\n      <\/div>\n      <div data-colibri-id=\"53-c31\" class=\"h-row-container gutters-row-lg-2 gutters-row-md-2 gutters-row-0 gutters-row-v-lg-2 gutters-row-v-md-2 gutters-row-v-2 style-326 style-local-53-c31 position-relative\">\n        <!---->\n        <div class=\"h-row justify-content-lg-center justify-content-md-center justify-content-center align-items-lg-stretch align-items-md-stretch align-items-stretch gutters-col-lg-2 gutters-col-md-2 gutters-col-0 gutters-col-v-lg-2 gutters-col-v-md-2 gutters-col-v-2\">\n          <!---->\n          <div class=\"h-column h-column-container d-flex h-col-lg-auto h-col-md-auto h-col-auto style-327-outer style-local-53-c32-outer\">\n            <div data-colibri-id=\"53-c32\" class=\"d-flex h-flex-basis h-column__inner h-px-lg-2 h-px-md-2 h-px-2 v-inner-lg-2 v-inner-md-2 v-inner-2 style-327 style-local-53-c32 position-relative\">\n              <!---->\n              <!---->\n              <div class=\"w-100 h-y-container h-column__content h-column__v-align flex-basis-100 align-self-lg-start align-self-md-start align-self-start\">\n                <!---->\n                <div data-colibri-id=\"53-c33\" class=\"h-text h-text-component style-321 style-local-53-c33 position-relative h-element\">\n                  <!---->\n                  <!---->\n                  <div class=\"\">\n                    <p><em style=\"font-size: 10pt; font-family: Calibri, sans-serif; color: rgb(31, 73, 125); font-weight: 400;\">Le Club Photo sera au Forum des associations du 6 septembre 2025.<\/em><\/p>\n                    <p><em style=\"font-size: 10pt; font-family: Calibri, sans-serif; color: rgb(31, 73, 125);\">Le forum des associations se tient ce samedi 6 septembre de 9h \u00e0 12h, salle Deslyres.<\/em><\/p>\n                    <p><em style=\"font-size: 10pt; font-family: Calibri, sans-serif; color: rgb(31, 73, 125);\">Le club photo de Saint Pierre sera pr\u00e9sent.<\/em><\/p>\n                    <p><em style=\"font-size: 10pt; font-family: Calibri, sans-serif; color: rgb(31, 73, 125);\">Venez rencontrer les photographes, vous renseigner, vous inscrire pour la nouvelle saison.<\/em><\/p>\n                    <p><em style=\"font-size: 10pt; font-family: Calibri, sans-serif; color: rgb(31, 73, 125);\">Contact :&nbsp;<\/em>\n                      <a href=\"mailto:photoclubspdc@gmail.com\" target=\"_blank\" style=\"font-size: 10pt; font-family: Calibri, sans-serif; color: rgb(17, 85, 204);\"><em>photoclubspdc@gmail.com<\/em><\/a>\n                    <\/p>\n                    <p><span style=\"font-size: 11pt; font-family: Calibri, sans-serif; color: rgb(31, 73, 125);\">&nbsp;<\/span><\/p>\n                    <p>\n                      <br>\n                    <\/p>\n                    <p>\n                      <br>\n                    <\/p>\n                    <p>\n                      <br>\n                    <\/p>\n                  <\/div>\n                <\/div>\n              <\/div>\n            <\/div>\n          <\/div>\n        <\/div>\n      <\/div>\n      <div data-colibri-id=\"53-c34\" class=\"h-row-container gutters-row-lg-2 gutters-row-md-2 gutters-row-0 gutters-row-v-lg-2 gutters-row-v-md-2 gutters-row-v-2 style-322 style-local-53-c34 position-relative\">\n        <!---->\n        <div class=\"h-row justify-content-lg-center justify-content-md-center justify-content-center align-items-lg-stretch align-items-md-stretch align-items-stretch gutters-col-lg-2 gutters-col-md-2 gutters-col-0 gutters-col-v-lg-2 gutters-col-v-md-2 gutters-col-v-2\">\n          <!---->\n          <div class=\"h-column h-column-container d-flex h-col-lg-auto h-col-md-auto h-col-auto style-323-outer style-local-53-c35-outer\">\n            <div data-colibri-id=\"53-c35\" class=\"d-flex h-flex-basis h-column__inner h-ui-empty-state-container h-px-lg-2 h-px-md-2 h-px-2 v-inner-lg-2 v-inner-md-2 v-inner-2 style-323 style-local-53-c35 position-relative\">\n              <!---->\n              <!---->\n              <div class=\"w-100 h-y-container h-column__content h-column__v-align flex-basis-100\">\n                <!---->\n              <\/div>\n            <\/div>\n          <\/div>\n        <\/div>\n      <\/div>\n      <div data-colibri-id=\"53-c36\" class=\"h-row-container gutters-row-lg-2 gutters-row-md-2 gutters-row-0 gutters-row-v-lg-2 gutters-row-v-md-2 gutters-row-v-2 style-318 style-local-53-c36 position-relative\">\n        <!---->\n        <div class=\"h-row justify-content-lg-center justify-content-md-center justify-content-center align-items-lg-stretch align-items-md-stretch align-items-stretch gutters-col-lg-2 gutters-col-md-2 gutters-col-0 gutters-col-v-lg-2 gutters-col-v-md-2 gutters-col-v-2\">\n          <!---->\n          <div class=\"h-column h-column-container d-flex h-col-lg-auto h-col-md-auto h-col-auto style-319-outer style-local-53-c37-outer\">\n            <div data-colibri-id=\"53-c37\" class=\"d-flex h-flex-basis h-column__inner h-ui-empty-state-container h-px-lg-2 h-px-md-2 h-px-2 v-inner-lg-2 v-inner-md-2 v-inner-2 style-319 style-local-53-c37 position-relative\">\n              <!---->\n              <!---->\n              <div class=\"w-100 h-y-container h-column__content h-column__v-align flex-basis-100\">\n                <!---->\n              <\/div>\n            <\/div>\n          <\/div>\n        <\/div>\n      <\/div>\n    <\/div>\n  <\/div>\n<\/div>","protected":false},"excerpt":{"rendered":"<p>Galeries, sites des adh\u00e9rents Mieux connaitre les adh\u00e9rents du club: consultez leurs galeries, sites et r\u00e9seaux sociaux. Contact Forum&nbsp;r\u00e9serv\u00e9 aux adh\u00e9rents Accessible avec mot de passe. activit\u00e9s du club Que faisons nous au club ? Cours, exposition, sortie&#8230; Actualit\u00e9s, \u00e9v\u00e8nements Expositions du club, \u00e9v\u00e8nements, rencontres &#8230;. Lien vers la Galerie Photo Repartage du Club (public) [&hellip;]<\/p>\n","protected":false},"author":1,"featured_media":0,"parent":0,"menu_order":0,"comment_status":"closed","ping_status":"closed","template":"page-templates\/homepage.php","meta":{"footnotes":""},"class_list":["post-53","page","type-page","status-publish","hentry"],"_links":{"self":[{"href":"https:\/\/www.photoclubspdc.fr\/web\/wp-json\/wp\/v2\/pages\/53","targetHints":{"allow":["GET"]}}],"collection":[{"href":"https:\/\/www.photoclubspdc.fr\/web\/wp-json\/wp\/v2\/pages"}],"about":[{"href":"https:\/\/www.photoclubspdc.fr\/web\/wp-json\/wp\/v2\/types\/page"}],"author":[{"embeddable":true,"href":"https:\/\/www.photoclubspdc.fr\/web\/wp-json\/wp\/v2\/users\/1"}],"replies":[{"embeddable":true,"href":"https:\/\/www.photoclubspdc.fr\/web\/wp-json\/wp\/v2\/comments?post=53"}],"version-history":[{"count":20,"href":"https:\/\/www.photoclubspdc.fr\/web\/wp-json\/wp\/v2\/pages\/53\/revisions"}],"predecessor-version":[{"id":718,"href":"https:\/\/www.photoclubspdc.fr\/web\/wp-json\/wp\/v2\/pages\/53\/revisions\/718"}],"wp:attachment":[{"href":"https:\/\/www.photoclubspdc.fr\/web\/wp-json\/wp\/v2\/media?parent=53"}],"curies":[{"name":"wp","href":"https:\/\/api.w.org\/{rel}","templated":true}]}}