{"id":210,"date":"2022-10-16T13:51:01","date_gmt":"2022-10-16T13:51:01","guid":{"rendered":"https:\/\/www.photoclubspdc.fr\/web\/?page_id=210"},"modified":"2022-10-24T11:55:31","modified_gmt":"2022-10-24T11:55:31","slug":"photos-des-adherents","status":"publish","type":"page","link":"https:\/\/www.photoclubspdc.fr\/web\/photos-des-adherents\/","title":{"rendered":"Facebook du club"},"content":{"rendered":"<div data-colibri-id=\"210-c1\" class=\"style-205 style-local-210-c1 position-relative\">\r\n  <!---->\r\n  <div data-colibri-component=\"section\" data-colibri-id=\"210-c2\" id=\"overlappable\" class=\"h-section h-section-global-spacing d-flex align-items-lg-center align-items-md-center align-items-center style-213 style-local-210-c2 position-relative\">\r\n    <!---->\r\n    <!---->\r\n    <div class=\"h-section-grid-container h-section-boxed-container\">\r\n      <!---->\r\n      <div data-colibri-id=\"210-c3\" class=\"h-row-container gutters-row-lg-0 gutters-row-md-0 gutters-row-2 gutters-row-v-lg-0 gutters-row-v-md-0 gutters-row-v-2 style-214 style-local-210-c3 position-relative\">\r\n        <!---->\r\n        <div class=\"h-row justify-content-lg-center justify-content-md-center justify-content-center align-items-lg-stretch align-items-md-stretch align-items-stretch gutters-col-lg-0 gutters-col-md-0 gutters-col-2 gutters-col-v-lg-0 gutters-col-v-md-0 gutters-col-v-2\">\r\n          <!---->\r\n          <div class=\"h-column h-column-container d-flex h-col-lg-3 h-col-md-3 h-col-12 style-215-outer style-local-210-c4-outer\">\r\n            <div data-colibri-id=\"210-c4\" class=\"d-flex h-flex-basis h-column__inner h-px-lg-3 h-px-md-3 h-px-2 v-inner-lg-3 v-inner-md-3 v-inner-2 style-215 style-local-210-c4 position-relative\">\r\n              <!---->\r\n              <!---->\r\n              <div class=\"w-100 h-y-container h-column__content h-column__v-align flex-basis-100 align-self-lg-center align-self-md-center align-self-center\">\r\n                <!---->\r\n                <div data-colibri-id=\"210-c5\" class=\"h-icon style-216 style-local-210-c5 position-relative h-element\">\r\n                  <!---->\r\n                  <a href=\"https:\/\/www.facebook.com\/photoclubstpierre\" h-use-smooth-scroll=\"true\"><span class=\"h-svg-icon h-icon__icon style-216-icon style-local-210-c5-icon\"><!--Icon by Font Awesome (https:\/\/fontawesome.com)-->\r\n    <svg version=\"1.1\" xmlns=\"http:\/\/www.w3.org\/2000\/svg\" xmlns:xlink=\"http:\/\/www.w3.org\/1999\/xlink\" id=\"facebook-f\" viewBox=\"0 0 1024 1896.0833\">\r\n      <path d=\"M959 12v264H802q-86 0-116 36t-30 108v189h293l-39 296H656v759H350V905H95V609h255V391q0-186 104-288.5T731 0q147 0 228 12z\"><\/path>\r\n    <\/svg><\/span><\/a>\r\n                <\/div>\r\n                <div data-colibri-id=\"210-c6\" class=\"h-global-transition-all h-heading style-217 style-local-210-c6 position-relative h-element\">\r\n                  <!---->\r\n                  <div class=\"h-heading__outer style-217 style-local-210-c6\">\r\n                    <!---->\r\n                    <!---->\r\n                    <a href=\"https:\/\/www.facebook.com\/photoclubstpierre\" h-use-smooth-scroll=\"true\">\r\n                      <h5 class=\"\">Page FaceBook du club<\/h5>\r\n                    <\/a>\r\n                  <\/div>\r\n                <\/div>\r\n                <div data-colibri-id=\"210-c7\" class=\"h-text h-text-component style-218 style-local-210-c7 position-relative h-element\">\r\n                  <!---->\r\n                  <!---->\r\n                  <div class=\"\">\r\n                    <p>Rappelle les \u00e9v\u00e8nements du club, les expositions, il y a&nbsp; quelques photos.<\/p>\r\n                  <\/div>\r\n                <\/div>\r\n              <\/div>\r\n            <\/div>\r\n          <\/div>\r\n          <div class=\"h-column h-column-container d-flex h-col-lg-3 h-col-md-3 h-col-12 style-215-outer style-local-210-c8-outer\">\r\n            <div data-colibri-id=\"210-c8\" class=\"d-flex h-flex-basis h-column__inner h-px-lg-3 h-px-md-3 h-px-2 v-inner-lg-3 v-inner-md-3 v-inner-2 style-215 style-local-210-c8 position-relative\">\r\n              <!---->\r\n              <!---->\r\n              <div class=\"w-100 h-y-container h-column__content h-column__v-align flex-basis-100 align-self-lg-center align-self-md-center align-self-center\">\r\n                <!---->\r\n                <div data-colibri-id=\"210-c9\" class=\"h-icon style-216 style-local-210-c9 position-relative h-element\">\r\n                  <!---->\r\n                  <a href=\"https:\/\/www.facebook.com\/groups\/1572888976296029\" h-use-smooth-scroll=\"true\"><span class=\"h-svg-icon h-icon__icon style-216-icon style-local-210-c9-icon\"><!--Icon by Font Awesome (https:\/\/fontawesome.com)-->\r\n    <svg version=\"1.1\" xmlns=\"http:\/\/www.w3.org\/2000\/svg\" xmlns:xlink=\"http:\/\/www.w3.org\/1999\/xlink\" id=\"facebook-f\" viewBox=\"0 0 1024 1896.0833\">\r\n      <path d=\"M959 12v264H802q-86 0-116 36t-30 108v189h293l-39 296H656v759H350V905H95V609h255V391q0-186 104-288.5T731 0q147 0 228 12z\"><\/path>\r\n    <\/svg><\/span><\/a>\r\n                <\/div>\r\n                <div data-colibri-id=\"210-c10\" class=\"h-global-transition-all h-heading style-217 style-local-210-c10 position-relative h-element\">\r\n                  <!---->\r\n                  <div class=\"h-heading__outer style-217 style-local-210-c10\">\r\n                    <!---->\r\n                    <!---->\r\n                    <a href=\"https:\/\/www.facebook.com\/groups\/1572888976296029\" h-use-smooth-scroll=\"true\">\r\n                      <h5 class=\"\">Reportage photo par les membres du club.<\/h5>\r\n                    <\/a>\r\n                  <\/div>\r\n                <\/div>\r\n                <div data-colibri-id=\"210-c11\" class=\"h-text h-text-component style-218 style-local-210-c11 position-relative h-element\">\r\n                  <!---->\r\n                  <!---->\r\n                  <div class=\"\">\r\n                    <p>Les \u00e9v\u00e8nements festifs du village sont photographi\u00e9s par les adh\u00e9rents du club.<\/p>\r\n                  <\/div>\r\n                <\/div>\r\n              <\/div>\r\n            <\/div>\r\n          <\/div>\r\n        <\/div>\r\n      <\/div>\r\n    <\/div>\r\n  <\/div>\r\n<\/div>","protected":false},"excerpt":{"rendered":"<p>Page FaceBook du club Rappelle les \u00e9v\u00e8nements du club, les expositions, il y a&nbsp; quelques photos. Reportage photo par les membres du club. Les \u00e9v\u00e8nements festifs du village sont photographi\u00e9s par les adh\u00e9rents du club.<\/p>\n","protected":false},"author":1,"featured_media":0,"parent":0,"menu_order":0,"comment_status":"closed","ping_status":"closed","template":"page-templates\/full-width-page.php","meta":{"footnotes":""},"class_list":["post-210","page","type-page","status-publish","hentry"],"_links":{"self":[{"href":"https:\/\/www.photoclubspdc.fr\/web\/wp-json\/wp\/v2\/pages\/210","targetHints":{"allow":["GET"]}}],"collection":[{"href":"https:\/\/www.photoclubspdc.fr\/web\/wp-json\/wp\/v2\/pages"}],"about":[{"href":"https:\/\/www.photoclubspdc.fr\/web\/wp-json\/wp\/v2\/types\/page"}],"author":[{"embeddable":true,"href":"https:\/\/www.photoclubspdc.fr\/web\/wp-json\/wp\/v2\/users\/1"}],"replies":[{"embeddable":true,"href":"https:\/\/www.photoclubspdc.fr\/web\/wp-json\/wp\/v2\/comments?post=210"}],"version-history":[{"count":7,"href":"https:\/\/www.photoclubspdc.fr\/web\/wp-json\/wp\/v2\/pages\/210\/revisions"}],"predecessor-version":[{"id":441,"href":"https:\/\/www.photoclubspdc.fr\/web\/wp-json\/wp\/v2\/pages\/210\/revisions\/441"}],"wp:attachment":[{"href":"https:\/\/www.photoclubspdc.fr\/web\/wp-json\/wp\/v2\/media?parent=210"}],"curies":[{"name":"wp","href":"https:\/\/api.w.org\/{rel}","templated":true}]}}

<div data-colibri-id="210-c1" class="style-205 style-local-210-c1 position-relative">
  <!---->
  <div data-colibri-component="section" data-colibri-id="210-c2" id="overlappable" class="h-section h-section-global-spacing d-flex align-items-lg-center align-items-md-center align-items-center style-213 style-local-210-c2 position-relative">
    <!---->
    <!---->
    <div class="h-section-grid-container h-section-boxed-container">
      <!---->
      <div data-colibri-id="210-c3" class="h-row-container gutters-row-lg-0 gutters-row-md-0 gutters-row-2 gutters-row-v-lg-0 gutters-row-v-md-0 gutters-row-v-2 style-214 style-local-210-c3 position-relative">
        <!---->
        <div class="h-row justify-content-lg-center justify-content-md-center justify-content-center align-items-lg-stretch align-items-md-stretch align-items-stretch gutters-col-lg-0 gutters-col-md-0 gutters-col-2 gutters-col-v-lg-0 gutters-col-v-md-0 gutters-col-v-2">
          <!---->
          <div class="h-column h-column-container d-flex h-col-lg-3 h-col-md-3 h-col-12 style-215-outer style-local-210-c4-outer">
            <div data-colibri-id="210-c4" class="d-flex h-flex-basis h-column__inner h-px-lg-3 h-px-md-3 h-px-2 v-inner-lg-3 v-inner-md-3 v-inner-2 style-215 style-local-210-c4 position-relative">
              <!---->
              <!---->
              <div class="w-100 h-y-container h-column__content h-column__v-align flex-basis-100 align-self-lg-center align-self-md-center align-self-center">
                <!---->
                <div data-colibri-id="210-c5" class="h-icon style-216 style-local-210-c5 position-relative h-element">
                  <!---->
                  <a href="https://www.facebook.com/photoclubstpierre" h-use-smooth-scroll="true"><span class="h-svg-icon h-icon__icon style-216-icon style-local-210-c5-icon"><!--Icon by Font Awesome (https://fontawesome.com)-->
    <svg version="1.1" xmlns="http://www.w3.org/2000/svg" xmlns:xlink="http://www.w3.org/1999/xlink" id="facebook-f" viewBox="0 0 1024 1896.0833">
      <path d="M959 12v264H802q-86 0-116 36t-30 108v189h293l-39 296H656v759H350V905H95V609h255V391q0-186 104-288.5T731 0q147 0 228 12z"></path>
    </svg></span></a>
                </div>
                <div data-colibri-id="210-c6" class="h-global-transition-all h-heading style-217 style-local-210-c6 position-relative h-element">
                  <!---->
                  <div class="h-heading__outer style-217 style-local-210-c6">
                    <!---->
                    <!---->
                    <a href="https://www.facebook.com/photoclubstpierre" h-use-smooth-scroll="true">
                      <h5 class="">Page FaceBook du club</h5>
                    </a>
                  </div>
                </div>
                <div data-colibri-id="210-c7" class="h-text h-text-component style-218 style-local-210-c7 position-relative h-element">
                  <!---->
                  <!---->
                  <div class="">
                    <p>Rappelle les évènements du club, les expositions, il y a&nbsp; quelques photos.</p>
                  </div>
                </div>
              </div>
            </div>
          </div>
          <div class="h-column h-column-container d-flex h-col-lg-3 h-col-md-3 h-col-12 style-215-outer style-local-210-c8-outer">
            <div data-colibri-id="210-c8" class="d-flex h-flex-basis h-column__inner h-px-lg-3 h-px-md-3 h-px-2 v-inner-lg-3 v-inner-md-3 v-inner-2 style-215 style-local-210-c8 position-relative">
              <!---->
              <!---->
              <div class="w-100 h-y-container h-column__content h-column__v-align flex-basis-100 align-self-lg-center align-self-md-center align-self-center">
                <!---->
                <div data-colibri-id="210-c9" class="h-icon style-216 style-local-210-c9 position-relative h-element">
                  <!---->
                  <a href="https://www.facebook.com/groups/1572888976296029" h-use-smooth-scroll="true"><span class="h-svg-icon h-icon__icon style-216-icon style-local-210-c9-icon"><!--Icon by Font Awesome (https://fontawesome.com)-->
    <svg version="1.1" xmlns="http://www.w3.org/2000/svg" xmlns:xlink="http://www.w3.org/1999/xlink" id="facebook-f" viewBox="0 0 1024 1896.0833">
      <path d="M959 12v264H802q-86 0-116 36t-30 108v189h293l-39 296H656v759H350V905H95V609h255V391q0-186 104-288.5T731 0q147 0 228 12z"></path>
    </svg></span></a>
                </div>
                <div data-colibri-id="210-c10" class="h-global-transition-all h-heading style-217 style-local-210-c10 position-relative h-element">
                  <!---->
                  <div class="h-heading__outer style-217 style-local-210-c10">
                    <!---->
                    <!---->
                    <a href="https://www.facebook.com/groups/1572888976296029" h-use-smooth-scroll="true">
                      <h5 class="">Reportage photo par les membres du club.</h5>
                    </a>
                  </div>
                </div>
                <div data-colibri-id="210-c11" class="h-text h-text-component style-218 style-local-210-c11 position-relative h-element">
                  <!---->
                  <!---->
                  <div class="">
                    <p>Les évènements festifs du village sont photographiés par les adhérents du club.</p>
                  </div>
                </div>
              </div>
            </div>
          </div>
        </div>
      </div>
    </div>
  </div>
</div>

<p>Page FaceBook du club Rappelle les évènements du club, les expositions, il y a&nbsp; quelques photos. Reportage photo par les membres du club. Les évènements festifs du village sont photographiés par les adhérents du club.</p>
