{"id":208,"date":"2022-10-16T13:50:00","date_gmt":"2022-10-16T13:50:00","guid":{"rendered":"https:\/\/www.photoclubspdc.fr\/web\/?page_id=208"},"modified":"2023-09-04T15:46:04","modified_gmt":"2023-09-04T15:46:04","slug":"adherer-au-club","status":"publish","type":"page","link":"https:\/\/www.photoclubspdc.fr\/web\/adherer-au-club\/","title":{"rendered":"Adh\u00e9rer au club"},"content":{"rendered":"<h1 class=\"wp-block wp-block-post-title block-editor-block-list__block editor-post-title editor-post-title__input rich-text is-selected\" role=\"textbox\" contenteditable=\"true\" aria-label=\"Saisissez le titre\" aria-multiline=\"true\">Adh\u00e9rer au Club<\/h1>\n<p>L&rsquo;activit\u00e9 du club d\u00e9bute en septembre de chacun ann\u00e9e.<\/p>\n<p>Le forum des associations qui a lieu sur Saint Pierre tous les d\u00e9buts septembre permet de rencontrer les membres du club et de remplir un bulletin d&rsquo;inscription. Il est aussi possible de remplir ce bulletin d&rsquo;inscription lors des premi\u00e8res r\u00e9unions de septembre. Pour connaitre les dates et les modalit\u00e9s d&rsquo;inscription passer par le formulaire de contact.<\/p>\n<p>Les r\u00e9unions de septembre de la saison 2023\/2024 se tiendront les lundis 11 et 18 septembre 2023 salle du cercle (12 av Amad\u00e9e Ronin) \u00e0 20h. Les r\u00e9unions se tiennent habituellement les 1er et 3eme lundis de chaque mois.<\/p>\n<p>L&rsquo;inscription d\u00e9finitive est valid\u00e9e par le bureau.<\/p>\n<p>Le club accepte des adh\u00e9rents de toutes communes hors Saint Pierre de Chandieu ; les adh\u00e9rents s&rsquo;engagent \u00e0 respecter les statuts, le r\u00e8glement int\u00e9rieur et \u00ab\u00a0l&rsquo;esprit village\u00a0\u00bb qui anime le club.<\/p>\n<p>Les d\u00e9butants sont la bienvenue.<\/p>\n<p><strong>La cotisation annuelle est de 50\u20ac pour la saison 2023\/2024<\/strong> 25\u20ac pour les mineurs (accompagn\u00e9s).<\/p>\n<p>Il est conseill\u00e9 de s&rsquo;inscrire au plus tard en septembre pour ne pas louper le d\u00e9marrage des activit\u00e9s, surtout quand on est d\u00e9butant.<\/p>\n<p><a href=\"https:\/\/www.photoclubspdc.fr\/web\/activites-du-club\/\">Activit\u00e9s du club.<\/a><\/p>\n<h1 class=\"wp-block wp-block-post-title block-editor-block-list__block editor-post-title editor-post-title__input rich-text is-selected\" role=\"textbox\" contenteditable=\"true\" aria-label=\"Saisissez le titre\" aria-multiline=\"true\"><\/h1>\n","protected":false},"excerpt":{"rendered":"<p>Adh\u00e9rer au Club L&rsquo;activit\u00e9 du club d\u00e9bute en septembre de chacun ann\u00e9e. Le forum des associations qui a lieu sur Saint Pierre tous les d\u00e9buts septembre permet de rencontrer les membres du club et de remplir un bulletin d&rsquo;inscription. Il est aussi possible de remplir ce bulletin d&rsquo;inscription lors des premi\u00e8res r\u00e9unions de septembre. Pour [&hellip;]<\/p>\n","protected":false},"author":1,"featured_media":0,"parent":0,"menu_order":0,"comment_status":"closed","ping_status":"closed","template":"","meta":{"footnotes":""},"class_list":["post-208","page","type-page","status-publish","hentry"],"_links":{"self":[{"href":"https:\/\/www.photoclubspdc.fr\/web\/wp-json\/wp\/v2\/pages\/208","targetHints":{"allow":["GET"]}}],"collection":[{"href":"https:\/\/www.photoclubspdc.fr\/web\/wp-json\/wp\/v2\/pages"}],"about":[{"href":"https:\/\/www.photoclubspdc.fr\/web\/wp-json\/wp\/v2\/types\/page"}],"author":[{"embeddable":true,"href":"https:\/\/www.photoclubspdc.fr\/web\/wp-json\/wp\/v2\/users\/1"}],"replies":[{"embeddable":true,"href":"https:\/\/www.photoclubspdc.fr\/web\/wp-json\/wp\/v2\/comments?post=208"}],"version-history":[{"count":7,"href":"https:\/\/www.photoclubspdc.fr\/web\/wp-json\/wp\/v2\/pages\/208\/revisions"}],"predecessor-version":[{"id":604,"href":"https:\/\/www.photoclubspdc.fr\/web\/wp-json\/wp\/v2\/pages\/208\/revisions\/604"}],"wp:attachment":[{"href":"https:\/\/www.photoclubspdc.fr\/web\/wp-json\/wp\/v2\/media?parent=208"}],"curies":[{"name":"wp","href":"https:\/\/api.w.org\/{rel}","templated":true}]}}

Adhérer au club

<h1 class="wp-block wp-block-post-title block-editor-block-list__block editor-post-title editor-post-title__input rich-text is-selected" role="textbox" contenteditable="true" aria-label="Saisissez le titre" aria-multiline="true">Adhérer au Club</h1>
<p>L&rsquo;activité du club débute en septembre de chacun année.</p>
<p>Le forum des associations qui a lieu sur Saint Pierre tous les débuts septembre permet de rencontrer les membres du club et de remplir un bulletin d&rsquo;inscription. Il est aussi possible de remplir ce bulletin d&rsquo;inscription lors des premières réunions de septembre. Pour connaitre les dates et les modalités d&rsquo;inscription passer par le formulaire de contact.</p>
<p>Les réunions de septembre de la saison 2023/2024 se tiendront les lundis 11 et 18 septembre 2023 salle du cercle (12 av Amadée Ronin) à 20h. Les réunions se tiennent habituellement les 1er et 3eme lundis de chaque mois.</p>
<p>L&rsquo;inscription définitive est validée par le bureau.</p>
<p>Le club accepte des adhérents de toutes communes hors Saint Pierre de Chandieu ; les adhérents s&rsquo;engagent à respecter les statuts, le règlement intérieur et « l&rsquo;esprit village » qui anime le club.</p>
<p>Les débutants sont la bienvenue.</p>
<p><strong>La cotisation annuelle est de 50€ pour la saison 2023/2024</strong> 25€ pour les mineurs (accompagnés).</p>
<p>Il est conseillé de s&rsquo;inscrire au plus tard en septembre pour ne pas louper le démarrage des activités, surtout quand on est débutant.</p>
<p><a href="https://www.photoclubspdc.fr/web/activites-du-club/">Activités du club.</a></p>
<h1 class="wp-block wp-block-post-title block-editor-block-list__block editor-post-title editor-post-title__input rich-text is-selected" role="textbox" contenteditable="true" aria-label="Saisissez le titre" aria-multiline="true"></h1>

<p>Adhérer au Club L&rsquo;activité du club débute en septembre de chacun année. Le forum des associations qui a lieu sur Saint Pierre tous les débuts septembre permet de rencontrer les membres du club et de remplir un bulletin d&rsquo;inscription. Il est aussi possible de remplir ce bulletin d&rsquo;inscription lors des premières réunions de septembre. Pour [&hellip;]</p>
