{"id":202,"date":"2022-10-16T13:47:03","date_gmt":"2022-10-16T13:47:03","guid":{"rendered":"https:\/\/www.photoclubspdc.fr\/web\/?page_id=202"},"modified":"2023-09-04T15:48:15","modified_gmt":"2023-09-04T15:48:15","slug":"activites-du-club","status":"publish","type":"page","link":"https:\/\/www.photoclubspdc.fr\/web\/activites-du-club\/","title":{"rendered":"Activit\u00e9s du club"},"content":{"rendered":"<h1 class=\"wp-block wp-block-post-title block-editor-block-list__block editor-post-title editor-post-title__input rich-text is-selected\" role=\"textbox\" contenteditable=\"true\" aria-label=\"Saisissez le titre\" aria-multiline=\"true\">Activit\u00e9s du club<\/h1>\n<p>Le club, accepte les photographes d\u00e9butants et confirm\u00e9s ; il n&rsquo;y a pas de laboratoire pour traiter les photos argentiques. Nous ne faisons que de la photo num\u00e9rique.<\/p>\n<p>Nous avons une <strong>r\u00e9union les premiers et troisi\u00e8mes lundis du mois.<\/strong> elles se composent de :<\/p>\n<ul>\n<li>Expos\u00e9s techniques ou artistiques par des membres du club ou des invit\u00e9s.<\/li>\n<li>Pr\u00e9sentations du travail d&rsquo;un photographe du club, d&rsquo;un invit\u00e9.<\/li>\n<li>Pr\u00e9sentation d&rsquo;un grand photographe, d&rsquo;expos\u00e9s sur la culture photographique, de Quizz.<\/li>\n<li>S\u00e9ance de lecture et d&rsquo;analyse d&rsquo;image des adh\u00e9rents.<\/li>\n<\/ul>\n<p><img loading=\"lazy\" decoding=\"async\" class=\" wp-image-204 aligncenter\" src=\"https:\/\/www.photoclubspdc.fr\/web\/wp-content\/uploads\/2022\/10\/IMG5325-300x200.jpg\" alt=\"\" width=\"369\" height=\"246\" srcset=\"https:\/\/www.photoclubspdc.fr\/web\/wp-content\/uploads\/2022\/10\/IMG5325-300x200.jpg 300w, https:\/\/www.photoclubspdc.fr\/web\/wp-content\/uploads\/2022\/10\/IMG5325-1024x683.jpg 1024w, https:\/\/www.photoclubspdc.fr\/web\/wp-content\/uploads\/2022\/10\/IMG5325-768x513.jpg 768w, https:\/\/www.photoclubspdc.fr\/web\/wp-content\/uploads\/2022\/10\/IMG5325-1536x1025.jpg 1536w, https:\/\/www.photoclubspdc.fr\/web\/wp-content\/uploads\/2022\/10\/IMG5325-2048x1367.jpg 2048w\" sizes=\"auto, (max-width: 369px) 100vw, 369px\" \/><\/p>\n<p><strong>Formation d\u00e9butant<\/strong> au cours de r\u00e9unions sp\u00e9cifiques. <strong>Formation au post-traitement.<\/strong><\/p>\n<p>Mini ateliers sur diff\u00e9rents th\u00e8mes.<\/p>\n<p><strong>Sorties en groupe<\/strong> sur un th\u00e8me : photo de nuit, architecture, Basilique de Fourvi\u00e8re, cascades&#8230;<\/p>\n<p><img loading=\"lazy\" decoding=\"async\" class=\" wp-image-205 aligncenter\" src=\"https:\/\/www.photoclubspdc.fr\/web\/wp-content\/uploads\/2022\/10\/IMG5213-300x200.jpg\" alt=\"\" width=\"359\" height=\"239\" srcset=\"https:\/\/www.photoclubspdc.fr\/web\/wp-content\/uploads\/2022\/10\/IMG5213-300x200.jpg 300w, https:\/\/www.photoclubspdc.fr\/web\/wp-content\/uploads\/2022\/10\/IMG5213-1024x683.jpg 1024w, https:\/\/www.photoclubspdc.fr\/web\/wp-content\/uploads\/2022\/10\/IMG5213-768x513.jpg 768w, https:\/\/www.photoclubspdc.fr\/web\/wp-content\/uploads\/2022\/10\/IMG5213-1536x1025.jpg 1536w, https:\/\/www.photoclubspdc.fr\/web\/wp-content\/uploads\/2022\/10\/IMG5213-2048x1367.jpg 2048w\" sizes=\"auto, (max-width: 359px) 100vw, 359px\" \/><\/p>\n<p><strong>Activit\u00e9 studio :<\/strong> formation possible, s\u00e9ances avec mod\u00e8le..<\/p>\n<p><img loading=\"lazy\" decoding=\"async\" class=\" wp-image-203 aligncenter\" src=\"https:\/\/www.photoclubspdc.fr\/web\/wp-content\/uploads\/2022\/10\/Studio-300x221.jpg\" alt=\"\" width=\"379\" height=\"279\" srcset=\"https:\/\/www.photoclubspdc.fr\/web\/wp-content\/uploads\/2022\/10\/Studio-300x221.jpg 300w, https:\/\/www.photoclubspdc.fr\/web\/wp-content\/uploads\/2022\/10\/Studio.jpg 503w\" sizes=\"auto, (max-width: 379px) 100vw, 379px\" \/><\/p>\n<p>Une <strong>exposition annuelle<\/strong> (en mai) , ou les membres du club peuvent montrer leur travail.<\/p>\n<p><img loading=\"lazy\" decoding=\"async\" class=\"wp-image-29 aligncenter\" src=\"https:\/\/www.photoclubspdc.fr\/web\/wp-content\/uploads\/2022\/10\/expo2019-1024x677.jpg\" alt=\"\" width=\"376\" height=\"248\" srcset=\"https:\/\/www.photoclubspdc.fr\/web\/wp-content\/uploads\/2022\/10\/expo2019-1024x677.jpg 1024w, https:\/\/www.photoclubspdc.fr\/web\/wp-content\/uploads\/2022\/10\/expo2019-300x198.jpg 300w, https:\/\/www.photoclubspdc.fr\/web\/wp-content\/uploads\/2022\/10\/expo2019-768x508.jpg 768w, https:\/\/www.photoclubspdc.fr\/web\/wp-content\/uploads\/2022\/10\/expo2019-1536x1016.jpg 1536w, https:\/\/www.photoclubspdc.fr\/web\/wp-content\/uploads\/2022\/10\/expo2019-2048x1355.jpg 2048w\" sizes=\"auto, (max-width: 376px) 100vw, 376px\" \/><\/p>\n<p>Exposition dans les rues de Saint Pierre de Chandieu ; partenariat avec la municipalit\u00e9 et le comit\u00e9 des f\u00eates pour photographier les grands \u00e9v\u00e8nements de la commune (<strong>Carnaval de Saint Pierre de Chandieu<\/strong>&#8230;).<\/p>\n<p><img loading=\"lazy\" decoding=\"async\" class=\" wp-image-450 aligncenter\" src=\"https:\/\/www.photoclubspdc.fr\/web\/wp-content\/uploads\/2022\/10\/190310_Dimanche-au-Carnaval_185-300x200.jpg\" alt=\"\" width=\"361\" height=\"240\" srcset=\"https:\/\/www.photoclubspdc.fr\/web\/wp-content\/uploads\/2022\/10\/190310_Dimanche-au-Carnaval_185-300x200.jpg 300w, https:\/\/www.photoclubspdc.fr\/web\/wp-content\/uploads\/2022\/10\/190310_Dimanche-au-Carnaval_185-1024x683.jpg 1024w, https:\/\/www.photoclubspdc.fr\/web\/wp-content\/uploads\/2022\/10\/190310_Dimanche-au-Carnaval_185-768x512.jpg 768w, https:\/\/www.photoclubspdc.fr\/web\/wp-content\/uploads\/2022\/10\/190310_Dimanche-au-Carnaval_185-1536x1024.jpg 1536w, https:\/\/www.photoclubspdc.fr\/web\/wp-content\/uploads\/2022\/10\/190310_Dimanche-au-Carnaval_185.jpg 2048w\" sizes=\"auto, (max-width: 361px) 100vw, 361px\" \/><\/p>\n<p>En effet le club reste tr\u00e8s impliqu\u00e9 dans la vie locale tout en s&rsquo;ouvrant vers les autres clubs et associations de la photographie r\u00e9gionale.<\/p>\n<p><a href=\"https:\/\/www.photoclubspdc.fr\/web\/adherer-au-club\/\">Adh\u00e9rer au club.<\/a><\/p>\n\n","protected":false},"excerpt":{"rendered":"<p>Activit\u00e9s du club Le club, accepte les photographes d\u00e9butants et confirm\u00e9s ; il n&rsquo;y a pas de laboratoire pour traiter les photos argentiques. Nous ne faisons que de la photo num\u00e9rique. Nous avons une r\u00e9union les premiers et troisi\u00e8mes lundis du mois. elles se composent de : Expos\u00e9s techniques ou artistiques par des membres du [&hellip;]<\/p>\n","protected":false},"author":1,"featured_media":0,"parent":0,"menu_order":0,"comment_status":"closed","ping_status":"closed","template":"","meta":{"footnotes":""},"class_list":["post-202","page","type-page","status-publish","hentry"],"_links":{"self":[{"href":"https:\/\/www.photoclubspdc.fr\/web\/wp-json\/wp\/v2\/pages\/202","targetHints":{"allow":["GET"]}}],"collection":[{"href":"https:\/\/www.photoclubspdc.fr\/web\/wp-json\/wp\/v2\/pages"}],"about":[{"href":"https:\/\/www.photoclubspdc.fr\/web\/wp-json\/wp\/v2\/types\/page"}],"author":[{"embeddable":true,"href":"https:\/\/www.photoclubspdc.fr\/web\/wp-json\/wp\/v2\/users\/1"}],"replies":[{"embeddable":true,"href":"https:\/\/www.photoclubspdc.fr\/web\/wp-json\/wp\/v2\/comments?post=202"}],"version-history":[{"count":9,"href":"https:\/\/www.photoclubspdc.fr\/web\/wp-json\/wp\/v2\/pages\/202\/revisions"}],"predecessor-version":[{"id":606,"href":"https:\/\/www.photoclubspdc.fr\/web\/wp-json\/wp\/v2\/pages\/202\/revisions\/606"}],"wp:attachment":[{"href":"https:\/\/www.photoclubspdc.fr\/web\/wp-json\/wp\/v2\/media?parent=202"}],"curies":[{"name":"wp","href":"https:\/\/api.w.org\/{rel}","templated":true}]}}

Activités du club

<h1 class="wp-block wp-block-post-title block-editor-block-list__block editor-post-title editor-post-title__input rich-text is-selected" role="textbox" contenteditable="true" aria-label="Saisissez le titre" aria-multiline="true">Activités du club</h1>
<p>Le club, accepte les photographes débutants et confirmés ; il n&rsquo;y a pas de laboratoire pour traiter les photos argentiques. Nous ne faisons que de la photo numérique.</p>
<p>Nous avons une <strong>réunion les premiers et troisièmes lundis du mois.</strong> elles se composent de :</p>
<ul>
<li>Exposés techniques ou artistiques par des membres du club ou des invités.</li>
<li>Présentations du travail d&rsquo;un photographe du club, d&rsquo;un invité.</li>
<li>Présentation d&rsquo;un grand photographe, d&rsquo;exposés sur la culture photographique, de Quizz.</li>
<li>Séance de lecture et d&rsquo;analyse d&rsquo;image des adhérents.</li>
</ul>
<p><img loading="lazy" decoding="async" class=" wp-image-204 aligncenter" src="https://www.photoclubspdc.fr/web/wp-content/uploads/2022/10/IMG5325-300x200.jpg" alt="" width="369" height="246" srcset="https://www.photoclubspdc.fr/web/wp-content/uploads/2022/10/IMG5325-300x200.jpg 300w, https://www.photoclubspdc.fr/web/wp-content/uploads/2022/10/IMG5325-1024x683.jpg 1024w, https://www.photoclubspdc.fr/web/wp-content/uploads/2022/10/IMG5325-768x513.jpg 768w, https://www.photoclubspdc.fr/web/wp-content/uploads/2022/10/IMG5325-1536x1025.jpg 1536w, https://www.photoclubspdc.fr/web/wp-content/uploads/2022/10/IMG5325-2048x1367.jpg 2048w" sizes="auto, (max-width: 369px) 100vw, 369px" /></p>
<p><strong>Formation débutant</strong> au cours de réunions spécifiques. <strong>Formation au post-traitement.</strong></p>
<p>Mini ateliers sur différents thèmes.</p>
<p><strong>Sorties en groupe</strong> sur un thème : photo de nuit, architecture, Basilique de Fourvière, cascades&#8230;</p>
<p><img loading="lazy" decoding="async" class=" wp-image-205 aligncenter" src="https://www.photoclubspdc.fr/web/wp-content/uploads/2022/10/IMG5213-300x200.jpg" alt="" width="359" height="239" srcset="https://www.photoclubspdc.fr/web/wp-content/uploads/2022/10/IMG5213-300x200.jpg 300w, https://www.photoclubspdc.fr/web/wp-content/uploads/2022/10/IMG5213-1024x683.jpg 1024w, https://www.photoclubspdc.fr/web/wp-content/uploads/2022/10/IMG5213-768x513.jpg 768w, https://www.photoclubspdc.fr/web/wp-content/uploads/2022/10/IMG5213-1536x1025.jpg 1536w, https://www.photoclubspdc.fr/web/wp-content/uploads/2022/10/IMG5213-2048x1367.jpg 2048w" sizes="auto, (max-width: 359px) 100vw, 359px" /></p>
<p><strong>Activité studio :</strong> formation possible, séances avec modèle..</p>
<p><img loading="lazy" decoding="async" class=" wp-image-203 aligncenter" src="https://www.photoclubspdc.fr/web/wp-content/uploads/2022/10/Studio-300x221.jpg" alt="" width="379" height="279" srcset="https://www.photoclubspdc.fr/web/wp-content/uploads/2022/10/Studio-300x221.jpg 300w, https://www.photoclubspdc.fr/web/wp-content/uploads/2022/10/Studio.jpg 503w" sizes="auto, (max-width: 379px) 100vw, 379px" /></p>
<p>Une <strong>exposition annuelle</strong> (en mai) , ou les membres du club peuvent montrer leur travail.</p>
<p><img loading="lazy" decoding="async" class="wp-image-29 aligncenter" src="https://www.photoclubspdc.fr/web/wp-content/uploads/2022/10/expo2019-1024x677.jpg" alt="" width="376" height="248" srcset="https://www.photoclubspdc.fr/web/wp-content/uploads/2022/10/expo2019-1024x677.jpg 1024w, https://www.photoclubspdc.fr/web/wp-content/uploads/2022/10/expo2019-300x198.jpg 300w, https://www.photoclubspdc.fr/web/wp-content/uploads/2022/10/expo2019-768x508.jpg 768w, https://www.photoclubspdc.fr/web/wp-content/uploads/2022/10/expo2019-1536x1016.jpg 1536w, https://www.photoclubspdc.fr/web/wp-content/uploads/2022/10/expo2019-2048x1355.jpg 2048w" sizes="auto, (max-width: 376px) 100vw, 376px" /></p>
<p>Exposition dans les rues de Saint Pierre de Chandieu ; partenariat avec la municipalité et le comité des fêtes pour photographier les grands évènements de la commune (<strong>Carnaval de Saint Pierre de Chandieu</strong>&#8230;).</p>
<p><img loading="lazy" decoding="async" class=" wp-image-450 aligncenter" src="https://www.photoclubspdc.fr/web/wp-content/uploads/2022/10/190310_Dimanche-au-Carnaval_185-300x200.jpg" alt="" width="361" height="240" srcset="https://www.photoclubspdc.fr/web/wp-content/uploads/2022/10/190310_Dimanche-au-Carnaval_185-300x200.jpg 300w, https://www.photoclubspdc.fr/web/wp-content/uploads/2022/10/190310_Dimanche-au-Carnaval_185-1024x683.jpg 1024w, https://www.photoclubspdc.fr/web/wp-content/uploads/2022/10/190310_Dimanche-au-Carnaval_185-768x512.jpg 768w, https://www.photoclubspdc.fr/web/wp-content/uploads/2022/10/190310_Dimanche-au-Carnaval_185-1536x1024.jpg 1536w, https://www.photoclubspdc.fr/web/wp-content/uploads/2022/10/190310_Dimanche-au-Carnaval_185.jpg 2048w" sizes="auto, (max-width: 361px) 100vw, 361px" /></p>
<p>En effet le club reste très impliqué dans la vie locale tout en s&rsquo;ouvrant vers les autres clubs et associations de la photographie régionale.</p>
<p><a href="https://www.photoclubspdc.fr/web/adherer-au-club/">Adhérer au club.</a></p>

<p>Activités du club Le club, accepte les photographes débutants et confirmés ; il n&rsquo;y a pas de laboratoire pour traiter les photos argentiques. Nous ne faisons que de la photo numérique. Nous avons une réunion les premiers et troisièmes lundis du mois. elles se composent de : Exposés techniques ou artistiques par des membres du [&hellip;]</p>
